. Let t be x(1). What is v(t)?
4
Let r(h) = h**3 - 2*h**2 - 2*h + 3. Let i(z) = -4 + z**3 - 6*z**2 + 5*z - 3 + 2*z. Let k be i(5). Give r(k).
6
Let l(f) be the first derivative of f**3/3 + 3*f**2/2 + 5*f + 9. Calculate l(-4).
9
Let y(t) = t**3 - 5*t**2 - 6*t + 2. Let w be y(6). Let j(d) = -w + 2*d + 6 - d. What is j(-2)?
2
Let w(z) = z - 2. Let v(x) = x - 1. Let q(p) = -16*p + 18. Let l(a) = -2*q(a) - 36*v(a). Let n be l(1). Let y = n + 4. Calculate w(y).
-2
Suppose 0 = -5*b + b. Suppose 5*a - 2*a = b. Let s(i) = -i**3 - i + 2. Let u be s(a). Let g(f) = -2*f**3 + 4*f**2 - 4*f + 2. Give g(u).
-6
Let h(l) = 3*l. Let v(y) = -2*y - 1. Let r(x) = -3*h(x) - 2*v(x). What is r(-2)?
12
Let z be 2/(-8) + (-91)/(-28). Let x(a) = 2 - 2 + 2 - 7*a - z. Determine x(1).
-8
Let w(r) = -r**3 - 2 + 26*r**2 - 20*r**2 + 0 - 5*r. Let a be ((-3)/9)/((-3)/45). Determine w(a).
-2
Let a(j) be the second derivative of j**4/12 + 2*j**3/3 + j**2 + 3*j. Let b be a(-3). Let h(t) = -2*t**3 - t**2 + 1. Determine h(b).
2
Let w(f) = -f**3 + 3*f**2 + 7*f - 7. Let q be w(4). Let l(s) = -2 - q*s - s**2 + 4 + 5*s - 2*s. What is l(-4)?
-6
Let k be 3*(2/6 - 0). Let v(x) = 4*x**2 + x - 1. What is v(k)?
4
Let g(b) = -2*b + 1. Let m = 0 - -3. Let v(d) = -d. Let r(x) = m*g(x) - 5*v(x). Give r(3).
0
Let u(i) = -5*i**2 - i + 1. Let q(j) = j**2. Let l(c) = 5*c**2 - c + 5. Let o(p) = -l(p) + 6*q(p). Let r be o(0). Let h be 8/10 - r/25. Give u(h).
-5
Suppose -1 = -0*z - z. Let m(f) = 0 + 4*f + 0*f + z + 1. Give m(-2).
-6
Let b be (2/4)/(1/4). Let h(i) = i**2 - 2*i**b + 2 + 0 + 3*i. Give h(-2).
-8
Let k(c) be the second derivative of -1/12*c**4 - 1/15*c**5 + 0 + c**2 + 1/120*c**6 + 2/3*c**3 + c. Let u(d) be the first derivative of k(d). What is u(4)?
-4
Suppose 3*n = 8 + 1. Suppose n = -4*w + 3*w. Let l(m) = 2*m**2 + 4*m - 1. What is l(w)?
5
Let d(b) = -6 - 2*b + 6*b - 3*b. Suppose -3*l - 2*w = -3 - 24, -w = -2*l + 11. Suppose l*a - 6*a = 5. Give d(a).
-1
Let j(n) = -n**3 - 11*n**2 + 11*n - 13. Let b be j(-12). Let d(x) = 9*x - 1. Let l(i) = -8*i + 1. Let f(r) = 6*d(r) + 7*l(r). Calculate f(b).
3
Suppose 0 = 2*u + 5 + 3. Let l(n) = 5*n**2 + 2*n + 4. Let p(o) = -4*o**2 - o - 4. Let m(r) = 5*l(r) + 6*p(r). Determine m(u).
-4
Let v(d) = 0*d**2 + 4*d + 5 + 3*d**2 - 2*d**2. Let a(g) be the third derivative of g**6/120 - g**5/12 + g**4/6 + g**3/6 + 3*g**2. Let u be a(3). Determine v(u).
10
Let o = -1 + 4. Let d(c) be the first derivative of -c**4/4 + c**3 - 3*c**2/2 + 2*c + 50. Give d(o).
-7
Let n(u) = -u**2 + 4*u - 2. Let t(y) = 2 - 2*y - 3 + 3*y. Let x be 6/3*1 - -3. Let w be t(x). What is n(w)?
-2
Suppose 0 = -3*d + 2*j - 8, 5*j + 4 = -3*d + 3*j. Let b(g) = 4*g + 1. Calculate b(d).
-7
Let n(c) = -c**3 + 7*c**2 - 8*c + 15. Let v be -4*((-14)/4 + -13 + 15). Give n(v).
3
Let r(m) = -2*m + 1. Let k(h) = 1. Let d(x) = -x + 10. Let p(q) = -d(q) + 6*k(q). Let f be p(8). Suppose -a - 2 = -f. Give r(a).
-3
Let x be 55/6 - (-3)/(-18). Let p be x/3 - -2 - -1. Let t(q) = -3*q**2 + 0*q + 2 + p*q + 4*q**2. What is t(-5)?
-3
Let w be (-294)/63 + 5/1. Let r(h) be the first derivative of 1 - 3*h**2 + w*h**3 + 7*h. Determine r(5).
2
Suppose -i + 5*i = -2*w, 0 = w - i - 6. Let v(b) = -12*b + 32. Let n(q) = -4*q + 11. Let o(l) = -17*n(l) + 6*v(l). Give o(w).
-11
Let v(j) = 2*j + 3. Suppose -2*f - 6 = f, -t - 4*f - 14 = 0. Calculate v(t).
-9
Let v(d) = 8*d - 21*d - 1 + 15*d. What is v(-2)?
-5
Suppose j - 36 = -5*j. Let c(v) = 2*v - 8. What is c(j)?
4
Suppose 0*z + 2 = z. Suppose -z*u + 0*u = -2*l + 2, -3*l + 2 = -4*u. Let c(x) = 4*x. Determine c(l).
8
Suppose -3*z - 9 = 5*r, -4*z - 2 - 2 = 4*r. Let t(x) = x**3 - 3*x - z*x**2 - 4 + 0*x**2 + 2. What is t(3)?
-2
Let k(f) = -f - 3. Let s be k(-4). Suppose s = -w + 3. Let t(i) = -6*i - 4*i**w - i**3 + 0 + 4*i - 4. Calculate t(-3).
-7
Let o(z) = -z**2 - 22*z + 37*z - 18*z. Determine o(-4).
-4
Let m(j) = j**3 + j. Let d(w) = -7*w**3 + w**2 - 8*w - 3. Let r(p) = d(p) + 6*m(p). Calculate r(-2).
13
Let f(k) = -55*k - 55. Let a(h) = -5*h - 5. Let p(x) = 45*a(x) - 4*f(x). Let c(q) = 11*q + 11. Let b(o) = 6*c(o) + 13*p(o). What is b(5)?
6
Let j(n) = n**2 + 6*n + 6. Suppose -2*s - 30 = -7*s. Let h = -5 + s. Let b = -5 + h. Determine j(b).
-2
Let x be (-24)/(-4)*(-2 + 3). Let w(a) = a + 2. Determine w(x).
8
Suppose -5 = 3*a + 4. Let u(g) be the second derivative of g**3/6 + 5*g**2/2 + 2*g. What is u(a)?
2
Let a = 1 + -1. Let c be (-6)/(-1) - (a + 3). Let v(t) = -4*t + 2 - c + t**2 + 7*t. Determine v(2).
9
Let h(k) be the third derivative of 1/2*k**3 - 1/120*k**6 - 2*k**2 + 0*k - 1/6*k**4 + 0 + 1/15*k**5. Calculate h(3).
0
Let b(o) = 4*o**2 + 2*o + 1. Suppose -3*p + 5 = -10. Let u(r) = -3*r**2 - r - 1. Let v(q) = p*u(q) + 4*b(q). Calculate v(-4).
3
Let p(z) = 0 + 4*z**3 + 3*z - 3*z**3 + 2 + 4*z**2 + 3. Calculate p(-4).
-7
Let b(j) = -2 + 6*j + 5*j**2 + 3 - 2 - 8*j. What is b(-1)?
6
Let m(h) = -2*h - 1. Let s(o) = o**2 - 5*o - 3. Let k be s(5). Determine m(k).
5
Let t(h) be the first derivative of -h**4/4 + h**3 - h**2/2 - 4*h + 5. Calculate t(3).
-7
Let v(q) be the first derivative of 0*q**3 + 1/2*q**2 + 1 + 0*q - 1/4*q**4. Calculate v(-2).
6
Let d(p) = 4*p**2 - 2*p + 4. Let z(h) = 4*h - 4*h**2 + 3*h - 11*h**2 - 12 + 4*h**2. Let s(q) = -8*d(q) - 3*z(q). Determine s(4).
0
Suppose 6*c - 2*c = 0. Let w(x) = x**2 + x + 2. Determine w(c).
2
Let l(c) = c**3 - 7*c**2 - 8*c - 5. Let i be l(8). Let f(m) = -m - 4. What is f(i)?
1
Let v be 4/(-6) + (-16)/(-6). Let h(a) = -a**3 - a**2 + 3*a - 3. Give h(v).
-9
Let a(o) = -13*o + 1. Let f = -105 - -104. Give a(f).
14
Suppose -2*d - 35 = -5*q, 1 = -5*q - 4*d + 6. Suppose 0 = -3*u + 4 + q. Suppose n + 4*t = u, t - 2 + 1 = 0. Let x(p) = 6*p. Determine x(n).
-6
Let i = 2 - 2. Suppose 5*d - l + 2*l - 12 = i, -4*d + 18 = 5*l. Let t(q) = 5*q - 3. Give t(d).
7
Let i(q) = q**2 - q + 2. Suppose -2*z - 24 = -4*z + 5*k, -4*k = 16. Give i(z).
4
Let u(o) = -o**3 - 2*o + 0*o**2 - 2 + 4*o + 3*o**2. Let s(m) = 2*m**3 - 4*m**2 - 3*m + 1. Let p(z) = -2*s(z) - 3*u(z). Suppose -2*h = 3*h. What is p(h)?
4
Let j = -7 + 4. Let l(q) = 3*q - 2*q**2 + q**2 - q**2 + 7. Let z(n) = n**2 - 1. Let g(u) = -l(u) - 3*z(u). Calculate g(j).
-4
Let a(d) = -d - 1. Let p(z) = -z**2 - 6*z + 8. Let n be p(-7). Suppose -4*b - 2*w + n = -5, -3*w = b + 11. Suppose -25 = b*f + f. What is a(f)?
4
Suppose c + 0 = 5. Suppose c = d - 0*d. Suppose a - d = -1. Let h(f) = f + 2. Determine h(a).
6
Let s = 99 - 100. Let w(a) = -33*a**3 + a + 1. Calculate w(s).
33
Let k = -14 - -19. Let w(n) = k*n - 5*n - 8*n**3 + 1 + 2*n + 2*n**2. Give w(-1).
9
Let u(b) = 3*b + b - 2*b. Calculate u(-1).
-2
Let i(x) = -3*x**2 - 15*x + 13. Let d(v) = 2*v**2 + 8*v - 7. Let u(c) = 5*d(c) + 3*i(c). What is u(6)?
10
Suppose -2*c + 0*c = 0. Let h(v) = -4*v**2 + 1 + 5*v**2 - v**2 + v**2. What is h(c)?
1
Let k(t) = t + 2. Let d be k(3). Let w(q) be the third derivative of q**4/12 - 2*q**3/3 + 11*q**2. Determine w(d).
6
Let k(v) = 4*v + 2. Let t(a) = a**3 - 3*a**2 - 3*a - 8. Let c be t(4). What is k(c)?
-14
Let w(r) = -4*r - 1. Let d be w(1). Let b = 11 + -9. Let x(v) = -7*v**2 - 8*v + 9. Let p(g) = 3*g**2 + 4*g - 5. Let a(c) = b*x(c) + 5*p(c). What is a(d)?
-2
Let j(g) = 6*g + 4*g**2 - 3*g - 6*g**2 - 2*g. Let q be j(-1). Let t(l) = l**2 + l - 3. Determine t(q).
3
Let q(t) = 3*t + t - 2 + 2*t. Let r(d) = 7*d - 2. Let x(z) = 4*q(z) - 3*r(z). Let b(o) = -2*o**2 + 4*o - 2. Let j be b(2). What is x(j)?
-8
Let l = 66 - 69. Let r(v) be the second derivative of v**5/20 + 5*v**4/12 + 2*v**3/3 - 2*v. Give r(l).
6
Let d = -103 - -108. Let i(a) = -a**2 + 4*a - 3. Calculate i(d).
-8
Let r(l) = -l**2 - 7*l + 6. Let g be (-2)/1*(0 - -1). Let o be 6/g*1 + -3. Give r(o).
12
Let p = 6 + -1. Suppose d - 17 = -4*m, -25 = -0*d - 2*d - p*m. Let x(z) be the first derivative of -z**4/4 + 5*z**3/3 - z**2/2 - 3*z - 1. Give x(d).
-8
Let d be (1/(-3))/(6/72). Let y(j) = j**3 + 3*j**2 - 6*j - 2. Determine y(d).
6
Suppose 5*s - 40 = -5. Suppose -u - s = -5. Let f(g) = -g - 4. What is f(u)?
-2
Let m(q) = q**2 - q - 3. Suppose 5*u = 0, 0*o - o = 4*u - 4. What is m(o)?
9
Let s(b) = b**2 - b. Let o = 17 + -21. Let r be -1 + (-2 - o - 0). Give s(r).
0
Let j(w) be the first derivative of -1/4*w**4 - 5/3*w**3 + 4*w - 2*w**2 - 3. Determine j(-4).
4
Suppose 0